rime factors of 6887.
71, 97
List the prime factors of 11868.
2, 3, 23, 43
List the prime factors of 13615.
5, 7, 389
List the prime factors of 4012.
2, 17, 59
What are the prime factors of 33359?
33359
List the prime factors of 49604.
2, 12401
What are the prime factors of 2117?
29, 73
What are the prime factors of 26022?
2, 3, 4337
What are the prime factors of 21599?
21599
What are the prime factors of 15195?
3, 5, 1013
List the prime factors of 22946.
2, 7, 11, 149
List the prime factors of 127767.
3, 42589
List the prime factors of 51632.
2, 7, 461
List the prime factors of 43369.
31, 1399
What are the prime factors of 288?
2, 3
List the prime factors of 2710.
2, 5, 271
What are the prime factors of 2773?
47, 59
List the prime factors of 31310.
2, 5, 31, 101
List the prime factors of 22824.
2, 3, 317
What are the prime factors of 70080?
2, 3, 5, 73
What are the prime factors of 52360?
2, 5, 7, 11, 17
What are the prime factors of 116078?
2, 127, 457
List the prime factors of 125345.
5, 11, 43, 53
List the prime factors of 1177.
11, 107
List the prime factors of 452.
2, 113
What are the prime factors of 5075?
5, 7, 29
List the prime factors of 424.
2, 53
List the prime factors of 19623.
3, 31, 211
What are the prime factors of 60885?
3, 5, 11, 41
List the prime factors of 197.
197
List the prime factors of 683.
683
List the prime factors of 1004.
2, 251
What are the prime factors of 1258?
2, 17, 37
List the prime factors of 53360.
2, 5, 23, 29
List the prime factors of 16436.
2, 7, 587
What are the prime factors of 2269?
2269
What are the prime factors of 33276?
2, 3, 47, 59
What are the prime factors of 3732?
2, 3, 311
What are the prime factors of 3425?
5, 137
List the prime factors of 7632.
2, 3, 53
List the prime factors of 18944.
2, 37
What are the prime factors of 5162?
2, 29, 89
What are the prime factors of 277?
277
List the prime factors of 1873.
1873
What are the prime factors of 17253?
3, 71
List the prime factors of 15710.
2, 5, 1571
What are the prime factors of 926?
2, 463
What are the prime factors of 2008?
2, 251
List the prime factors of 32821.
23, 1427
What are the prime factors of 827?
827
List the prime factors of 2167.
11, 197
What are the prime factors of 405?
3, 5
What are the prime factors of 1783?
1783
List the prime factors of 1542.
2, 3, 257
List the prime factors of 2492.
2, 7, 89
List the prime factors of 23639.
7, 11, 307
What are the prime factors of 22?
2, 11
What are the prime factors of 114156?
2, 3, 7, 151
List the prime factors of 18386.
2, 29, 317
What are the prime factors of 1217?
1217
List the prime factors of 1330.
2, 5, 7, 19
List the prime factors of 60659.
60659
What are the prime factors of 1162?
2, 7, 83
List the prime factors of 7785.
3, 5, 173
List the prime factors of 19619.
23, 853
List the prime factors of 3122.
2, 7, 223
List the prime factors of 1914.
2, 3, 11, 29
What are the prime factors of 6605?
5, 1321
What are the prime factors of 8209?
8209
List the prime factors of 65968.
2, 7, 19, 31
What are the prime factors of 29497?
13, 2269
List the prime factors of 39179.
7, 29, 193
List the prime factors of 4954.
2, 2477
List the prime factors of 4074.
2, 3, 7, 97
What are the prime factors of 3423?
3, 7, 163
What are the prime factors of 124?
2, 31
What are the prime factors of 32345?
5, 6469
List the prime factors of 20141.
11, 1831
List the prime factors of 1086.
2, 3, 181
What are the prime factors of 1759?
1759
What are the prime factors of 6708?
2, 3, 13, 43
List the prime factors of 1811.
1811
List the prime factors of 7585.
5, 37, 41
List the prime factors of 1479.
3, 17, 29
What are the prime factors of 2391?
3, 797
List the prime factors of 1842.
2, 3, 307
List the prime factors of 53631.
3, 59, 101
What are the prime factors of 188?
2, 47
List the prime factors of 1805.
5, 19
List the prime factors of 7306.
2, 13, 281
List the prime factors of 39610.
2, 5, 17, 233
List the prime factors of 190897.
7, 27271
What are the prime factors of 2494?
2, 29, 43
List the prime factors of 3355.
5, 11, 61
What are the prime factors of 360?
2, 3, 5
List the prime factors of 5745.
3, 5, 383
List the prime factors of 2396.
2, 599
What are the prime factors of 4756?
2, 29, 41
List the prime factors of 5852.
2, 7, 11, 19
What are the prime factors of 894?
2, 3, 149
List the prime factors of 6728.
2, 29
What are the prime factors of 12421?
12421
What are the prime factors of 25675?
5, 13, 79
What are the prime factors of 163637?
163637
List the prime factors of 69.
3, 23
List the prime factors of 77648.
2, 23, 211
List the prime factors of 30267.
3, 19, 59
List the prime factors of 6588.
2, 3, 61
List the prime factors of 265.
5, 53
List the prime factors of 1708.
2, 7, 61
List the prime factors of 3615.
3, 5, 241
List the prime factors of 99067.
157, 631
What are the prime factors of 64889?
11, 17, 347
What are the prime factors of 76060?
2, 5, 3803
List the prime factors of 71738.
2, 35869
List the prime factors of 81098.
2, 23, 41, 43
What are the prime factors of 8196?
2, 3, 683
List the prime factors of 1125.
3, 5
What are the prime factors of 269?
269
What are the prime factors of 4961?
11, 41
List the prime factors of 1812.
2, 3, 151
What are the prime factors of 17141?
61, 281
List the prime factors of 6022.
2, 3011
What are the prime factors of 17464?
2, 37, 59
List the prime factors of 4180.
2, 5, 11, 19
What are the prime factors of 1285?
5, 257
List the prime factors of 6068.
2, 37, 41
What are the prime factors of 907?
907
What are the prime factors of 5181?
3, 11, 157
What are the prime factors of 2784?
2, 3, 29
List the prime factors of 38127.
3, 71, 179
What are the prime factors of 22840?
2, 5, 571
What are the prime factors of 7199?
23, 313
List the prime factors of 3582.
2, 3, 199
List the prime factors of 1262.
2, 631
List the prime factors of 847.
7, 11
List the prime factors of 9794.
2, 59, 83
List the prime factors of 16965.
3, 5, 13, 29
List the prime factors of 177691.
177691
List the prime factors of 429.
3, 11, 13
What are the prime factors of 7016?
2, 877
List the prime factors of 42555.
3, 5, 2837
What are the prime factors of 19153?
107, 179
What are the prime factors of 11097?
3, 137
List the prime factors of 9803.
9803
What are the prime factors of 21150?
2, 3, 5, 47
List the prime factors of 1228.
2, 307
What are the prime factors of 20957?
19, 1103
What are the prime factors of 24970?
2, 5, 11, 227
List the prime factors of 5602.
2, 2801
What are the prime factors of 6056?
2, 757
List the prime factors of 144.
2, 3
List the prime factors of 1461.
3, 487
What are the prime factors of 6543?
3, 727
List the prime factors of 158666.
2, 79333
List the prime factors of 10751.
13, 827
List the prime factors of 2387.
7, 11, 31
What are the prime factors of 38783?
38783
What are the prime factors of 161911?
161911
What are the prime factors of 24453?
3, 11, 13, 19
What are the prime factors of 1827?
3, 7, 29
List the prime factors of 69119.
69119
List the prime factors of 5384.
2, 673
List the prime factors of 287.
7, 41
What are the prime factors of 228?
2, 3, 19
List the prime factors of 4712.
2, 19, 31
What are the prime factors of 54859?
7, 17, 461
List the prime factors of 2857.
2857
List the prime factors of 4622.
2, 2311
What are the prime factors of 3001?
3001
What are the prime factors of 483?
3, 7, 23
List the prime factors of 152763.
3, 13, 3917
List the prime factors of 34605.
3, 5, 769
List the prime factors of 3587.
17, 211
List the prime factors of 29277.
3, 3253
What are the prime factors of 2132?
2, 13, 41
List the prime factors of 7508.
2, 1877
List the prime factors of 3490.
2, 5, 349
List the prime factors of 21536.
2, 673
List the prime factors of 119240.
2, 5, 11, 271
List the prime factors of 2716.
2, 7, 97
List the prime factors of 3540.
2, 3, 5, 59
List the prime factors of 1393.
7, 199
What are the prime factors of 28509?
3, 13, 17, 43
List the prime factors of 2569.
7, 367
What are the prime factors of 43602?
2, 3, 13, 43
List the prime factors of 64325.
5, 31, 83
List the prime factors of 12419.
11, 1129
List the prime factors of 63113.
63113
List the prime factors of 418.
2, 11, 19
What are the prime factors of 40155?
3, 5, 2677
List the 